{"id":248,"date":"2014-05-08T12:43:27","date_gmt":"2014-05-08T11:43:27","guid":{"rendered":"http:\/\/democrasite.com\/soliane\/?page_id=248"},"modified":"2014-09-30T15:35:03","modified_gmt":"2014-09-30T14:35:03","slug":"biographie","status":"publish","type":"page","link":"https:\/\/democrasite.com\/soliane\/biographie\/","title":{"rendered":"Biographie"},"content":{"rendered":"<h4><span class=\"Apple-style-span\" style=\"color: #808080\"><a href=\"https:\/\/trans.democrasite.com\/soliane\/files\/2014\/05\/1254.jpg\"><img loading=\"lazy\" decoding=\"async\" class=\"alignnone size-full wp-image-1256\" alt=\"1254\" src=\"https:\/\/trans.democrasite.com\/soliane\/files\/2014\/05\/1254.jpg\" width=\"709\" height=\"23\" srcset=\"https:\/\/democrasite.com\/soliane\/files\/2014\/05\/1254.jpg 709w, https:\/\/democrasite.com\/soliane\/files\/2014\/05\/1254-300x9.jpg 300w, https:\/\/democrasite.com\/soliane\/files\/2014\/05\/1254-220x7.jpg 220w\" sizes=\"auto, (max-width: 709px) 100vw, 709px\" \/><\/a><\/span><\/h4>\n<h4><img loading=\"lazy\" decoding=\"async\" class=\"size-full wp-image-256 alignleft\" style=\"border-style: initial;border-color: initial;cursor: default;float: left;border-width: 0px\" alt=\"PENTAX Image\" src=\"https:\/\/trans.democrasite.com\/soliane\/files\/2014\/05\/Portrait.jpg\" width=\"142\" height=\"201\" \/><\/h4>\n<h4><strong>Je me nomme jean-luc Fortier, \u00ab\u00a0SOLIANE\u00a0\u00bb est mon pseudonyme.<\/strong><\/h4>\n<h4><span style=\"color: #808080\"><strong>Je suis n\u00e9 au M<\/strong><\/span><span style=\"color: #808080\"><strong>ans le 24 d\u00e9cembre 1958, sous de bonnes augures, il me semble !<\/strong><\/span><\/h4>\n<h4><span style=\"color: #808080\"> <strong> Ce furent en effet les derni\u00e8res influences du mouvement COBRA :<\/strong><\/span><br \/>\n<span style=\"color: #808080\"> <strong> mouvement que l&rsquo;on dit d\u2019une libert\u00e9 cr\u00e9atrice passionn\u00e9e et d\u2019une po\u00e9tique r\u00e9put\u00e9e virulente.<\/strong><\/span><br \/>\n<span style=\"color: #808080\"> <strong> Pierre Alechinsky en \u00e9tait un des membres et pour moi une grande source d\u2019inspiration.<\/strong><\/span><br \/>\n<span style=\"color: #808080\"> <strong> Ce fut aussi l\u2019av\u00e8nement de Jasper Johns. Il initia au travers de ses motifs communs, r\u00e9p\u00e9t\u00e9s \u00e0 l\u2019obsession et\u00a0sans limite, la question du signifiant dans la repr\u00e9sentation picturale.<\/strong><\/span><br \/>\n<span style=\"color: #808080\"> <strong> Ce devait \u00eatre un signe comme de bonnes f\u00e9es pench\u00e9es sur mon berceau !<\/strong><\/span><br \/>\n<span style=\"color: #808080\"> <strong> Peut-\u00eatre avaient-elles insufler sur moi deux des r\u00e9f\u00e9rences qui me conduisent dans l&rsquo;action aujourd\u2019hui.<\/strong><\/span><\/h4>\n<h2><\/h2>\n<p>&nbsp;<\/p>\n<h2><\/h2>\n<ol>\n<li>\n<h2><span style=\"text-decoration: underline\"><a title=\"Elev\u00e9 par ma m\u00e8re dans l\u2019amour des peintres \u00abmaudits\u00bb\" href=\"https:\/\/trans.democrasite.com\/soliane\/2014\/05\/08\/eleve-par-ma-mere-dans-lamour-des-peintres-maudits\/\">Elev\u00e9 par ma m\u00e8re dans l\u2019amour des peintres \u00abmaudits\u00bb\u2192<\/a><\/span><\/h2>\n<\/li>\n<li>\n<h2><span style=\"text-decoration: underline\"><a title=\"Une premi\u00e8re id\u00e9e de mixage de techniques\" href=\"https:\/\/trans.democrasite.com\/soliane\/2014\/05\/11\/une-premiere-idee-de-mixage-de-techniques\/\">Une premi\u00e8re id\u00e9e de mixage de techniques\u00a0\u2192<\/a><\/span><\/h2>\n<\/li>\n<li>\n<h2><span style=\"text-decoration: underline\"><a title=\"Naissance de ma fille Olivia\" href=\"https:\/\/trans.democrasite.com\/soliane\/2014\/05\/11\/naissance-de-ma-fille-olivia\/\">Naissance de ma fille Olivia<\/a><a title=\"Une premi\u00e8re id\u00e9e de mixage de techniques\" href=\"https:\/\/trans.democrasite.com\/soliane\/2014\/05\/11\/une-premiere-idee-de-mixage-de-techniques\/\">\u00a0\u2192<\/a><\/span><\/h2>\n<\/li>\n<li>\n<h2><span style=\"text-decoration: underline\"><a title=\"Acquisition de la presse d\u2019imprimerie Stradella\" href=\"https:\/\/trans.democrasite.com\/soliane\/2014\/05\/11\/acquisition-de-la-presse-dimprimerie-stradella\/\">Acquisition de la presse \u00e0 marbres Stradella\u00a0\u2192<\/a><\/span><\/h2>\n<\/li>\n<li>\n<h2><span style=\"text-decoration: underline\"><a title=\"Tirages de mes cr\u00e9ations personnelles en polychromie isom\u00e8re\" href=\"https:\/\/trans.democrasite.com\/soliane\/2014\/05\/12\/tirages-de-mes-creations-personnelles-en-polychromie-isomere\/\">Tirages de mes cr\u00e9ations personnelles en polychromie isom\u00e8re\u2192<\/a><\/span><\/h2>\n<\/li>\n<li>\n<h2><span style=\"text-decoration: underline\"><a title=\"Une petite id\u00e9e sur le Mixed-media\" href=\"https:\/\/trans.democrasite.com\/soliane\/2014\/05\/14\/une-petite-idee-sur-le-mixed-media\/\">Une petite id\u00e9e sur le Mixed-media\u2192<\/a><\/span><\/h2>\n<h2><\/h2>\n<\/li>\n<\/ol>\n<h2><\/h2>\n<h4><\/h4>\n<h2><\/h2>\n<h4><\/h4>\n<h4><\/h4>\n<h4><\/h4>\n<h4><a href=\"https:\/\/trans.democrasite.com\/soliane\/files\/2014\/05\/1255.jpg\"><img loading=\"lazy\" decoding=\"async\" class=\"alignnone size-full wp-image-1268\" alt=\"1255\" src=\"https:\/\/trans.democrasite.com\/soliane\/files\/2014\/05\/1255.jpg\" width=\"709\" height=\"26\" srcset=\"https:\/\/democrasite.com\/soliane\/files\/2014\/05\/1255.jpg 709w, https:\/\/democrasite.com\/soliane\/files\/2014\/05\/1255-300x11.jpg 300w, https:\/\/democrasite.com\/soliane\/files\/2014\/05\/1255-220x8.jpg 220w\" sizes=\"auto, (max-width: 709px) 100vw, 709px\" \/><\/a><\/h4>\n","protected":false},"excerpt":{"rendered":"<p>Je me nomme jean-luc Fortier, \u00ab\u00a0SOLIANE\u00a0\u00bb est mon pseudonyme. Je suis n\u00e9 au Mans le 24 d\u00e9cembre 1958, sous de bonnes augures, il me semble ! Ce furent en effet les derni\u00e8res influences du mouvement COBRA : mouvement que l&rsquo;on dit d\u2019une libert\u00e9 cr\u00e9atrice passionn\u00e9e et d\u2019une po\u00e9tique r\u00e9put\u00e9e virulente. Pierre Alechinsky en \u00e9tait un [&hellip;]<\/p>\n","protected":false},"author":30,"featured_media":0,"parent":0,"menu_order":0,"comment_status":"closed","ping_status":"closed","template":"page-full-width.php","meta":{"footnotes":""},"class_list":["post-248","page","type-page","status-publish","hentry"],"_links":{"self":[{"href":"https:\/\/democrasite.com\/soliane\/wp-json\/wp\/v2\/pages\/248","targetHints":{"allow":["GET"]}}],"collection":[{"href":"https:\/\/democrasite.com\/soliane\/wp-json\/wp\/v2\/pages"}],"about":[{"href":"https:\/\/democrasite.com\/soliane\/wp-json\/wp\/v2\/types\/page"}],"author":[{"embeddable":true,"href":"https:\/\/democrasite.com\/soliane\/wp-json\/wp\/v2\/users\/30"}],"replies":[{"embeddable":true,"href":"https:\/\/democrasite.com\/soliane\/wp-json\/wp\/v2\/comments?post=248"}],"version-history":[{"count":0,"href":"https:\/\/democrasite.com\/soliane\/wp-json\/wp\/v2\/pages\/248\/revisions"}],"wp:attachment":[{"href":"https:\/\/democrasite.com\/soliane\/wp-json\/wp\/v2\/media?parent=248"}],"curies":[{"name":"wp","href":"https:\/\/api.w.org\/{rel}","templated":true}]}}